{"id":12945,"date":"2024-12-14T23:03:01","date_gmt":"2024-12-14T21:03:01","guid":{"rendered":"https:\/\/onparturi.fi\/?post_type=product&#038;p=12945"},"modified":"2025-12-27T20:13:10","modified_gmt":"2025-12-27T18:13:10","slug":"jrl-forte-pro-hair-dryer-holder","status":"publish","type":"product","link":"https:\/\/onparturi.fi\/en\/shop\/koneet-tarvikkeet\/foonit-hiustenkuivaajat\/jrl-forte-pro-hair-dryer-holder\/","title":{"rendered":"JRL FORTE PRO HAIR DRYER HOLDER"},"content":{"rendered":"<blockquote>\n<hr \/>\n<h2 style=\"text-align: center;\"><span style=\"color: #000000;\"><a style=\"color: #000000;\" href=\"https:\/\/onparturi.fi\/en\/product-tag\/jrl-professional\/\">Jrl Forte Pro Hair Dryer Holder<\/a><\/span><\/h2>\n<hr \/>\n<h2 style=\"text-align: center;\"><\/h2>\n<\/blockquote>\n<article class=\"w-full scroll-mb-[var(--thread-trailing-height,150px)] text-token-text-primary focus-visible:outline-2 focus-visible:outline-offset-[-4px]\" dir=\"auto\" data-testid=\"conversation-turn-4\" data-scroll-anchor=\"false\">\n<div class=\"m-auto text-base py-[18px] px-3 md:px-4 w-full md:px-5 lg:px-4 xl:px-5\">\n<div class=\"mx-auto flex flex-1 gap-4 text-base md:gap-5 lg:gap-6 md:max-w-3xl lg:max-w-[40rem] xl:max-w-[48rem]\">\n<div class=\"group\/conversation-turn relative flex w-full min-w-0 flex-col\">\n<div class=\"flex-col gap-1 md:gap-3\">\n<div class=\"flex max-w-full flex-col flex-grow\">\n<div class=\"min-h-8 text-message flex w-full flex-col items-end gap-2 whitespace-normal break-words text-start [.text-message+&amp;]:mt-5\" dir=\"auto\" data-message-author-role=\"user\" data-message-id=\"aaa23327-cc15-4061-bcc4-34836973c0ed\">\n<div class=\"flex w-full flex-col gap-1 empty:hidden items-end rtl:items-start\">\n<div class=\"relative max-w-[var(--user-chat-width,70%)] rounded-3xl bg-token-message-surface px-5 py-2.5\">\n<blockquote>\n<div><\/div>\n<div class=\"absolute bottom-0 right-full top-0 -mr-3.5 hidden pr-5 pt-1 [.group\\\/conversation-turn:hover_&amp;]:block\" style=\"text-align: center;\">Jrl Forte Pro Hair Dryer Holder on sein\u00e4\u00e4n kiinnitett\u00e4v\u00e4 metallinen pidike, joka pit\u00e4\u00e4 f\u00f6\u00f6nin paikallaan.<\/div>\n<\/blockquote>\n<\/div>\n<\/div>\n<\/div>\n<\/div>\n<\/div>\n<\/div>\n<\/div>\n<\/div>\n<\/article>\n<article class=\"w-full scroll-mb-[var(--thread-trailing-height,150px)] text-token-text-primary focus-visible:outline-2 focus-visible:outline-offset-[-4px]\" dir=\"auto\" data-testid=\"conversation-turn-5\" data-scroll-anchor=\"true\">\n<h6 class=\"sr-only\"><\/h6>\n<\/article>","protected":false},"excerpt":{"rendered":"<p>Jrl Forte Pro Hair Dryer Holder Jrl Forte Pro Hair Dryer Holder on sein\u00e4\u00e4n kiinnitett\u00e4v\u00e4 metallinen pidike, joka pit\u00e4\u00e4 f\u00f6\u00f6nin paikallaan.<\/p>","protected":false},"featured_media":12946,"comment_status":"open","ping_status":"closed","template":"","meta":[],"product_brand":[],"product_cat":[79,198],"product_tag":[208],"class_list":{"0":"post-12945","1":"product","2":"type-product","3":"status-publish","4":"has-post-thumbnail","6":"product_cat-foonit-hiustenkuivaajat","7":"product_cat-koneet-tarvikkeet","8":"product_tag-jrl-professional","10":"first","11":"instock","12":"taxable","13":"shipping-taxable","14":"purchasable","15":"product-type-simple"},"_links":{"self":[{"href":"https:\/\/onparturi.fi\/en\/wp-json\/wp\/v2\/product\/12945","targetHints":{"allow":["GET"]}}],"collection":[{"href":"https:\/\/onparturi.fi\/en\/wp-json\/wp\/v2\/product"}],"about":[{"href":"https:\/\/onparturi.fi\/en\/wp-json\/wp\/v2\/types\/product"}],"replies":[{"embeddable":true,"href":"https:\/\/onparturi.fi\/en\/wp-json\/wp\/v2\/comments?post=12945"}],"version-history":[{"count":1,"href":"https:\/\/onparturi.fi\/en\/wp-json\/wp\/v2\/product\/12945\/revisions"}],"predecessor-version":[{"id":12947,"href":"https:\/\/onparturi.fi\/en\/wp-json\/wp\/v2\/product\/12945\/revisions\/12947"}],"wp:featuredmedia":[{"embeddable":true,"href":"https:\/\/onparturi.fi\/en\/wp-json\/wp\/v2\/media\/12946"}],"wp:attachment":[{"href":"https:\/\/onparturi.fi\/en\/wp-json\/wp\/v2\/media?parent=12945"}],"wp:term":[{"taxonomy":"product_brand","embeddable":true,"href":"https:\/\/onparturi.fi\/en\/wp-json\/wp\/v2\/product_brand?post=12945"},{"taxonomy":"product_cat","embeddable":true,"href":"https:\/\/onparturi.fi\/en\/wp-json\/wp\/v2\/product_cat?post=12945"},{"taxonomy":"product_tag","embeddable":true,"href":"https:\/\/onparturi.fi\/en\/wp-json\/wp\/v2\/product_tag?post=12945"}],"curies":[{"name":"wp","href":"https:\/\/api.w.org\/{rel}","templated":true}]}}

<blockquote>
<hr />
<h2 style="text-align: center;"><span style="color: #000000;"><a style="color: #000000;" href="https://onparturi.fi/en/product-tag/jrl-professional/">Jrl Forte Pro Hair Dryer Holder</a></span></h2>
<hr />
<h2 style="text-align: center;"></h2>
</blockquote>
<article class="w-full scroll-mb-[var(--thread-trailing-height,150px)] text-token-text-primary focus-visible:outline-2 focus-visible:outline-offset-[-4px]" dir="auto" data-testid="conversation-turn-4" data-scroll-anchor="false">
<div class="m-auto text-base py-[18px] px-3 md:px-4 w-full md:px-5 lg:px-4 xl:px-5">
<div class="mx-auto flex flex-1 gap-4 text-base md:gap-5 lg:gap-6 md:max-w-3xl lg:max-w-[40rem] xl:max-w-[48rem]">
<div class="group/conversation-turn relative flex w-full min-w-0 flex-col">
<div class="flex-col gap-1 md:gap-3">
<div class="flex max-w-full flex-col flex-grow">
<div class="min-h-8 text-message flex w-full flex-col items-end gap-2 whitespace-normal break-words text-start [.text-message+&amp;]:mt-5" dir="auto" data-message-author-role="user" data-message-id="aaa23327-cc15-4061-bcc4-34836973c0ed">
<div class="flex w-full flex-col gap-1 empty:hidden items-end rtl:items-start">
<div class="relative max-w-[var(--user-chat-width,70%)] rounded-3xl bg-token-message-surface px-5 py-2.5">
<blockquote>
<div></div>
<div class="absolute bottom-0 right-full top-0 -mr-3.5 hidden pr-5 pt-1 [.group\/conversation-turn:hover_&amp;]:block" style="text-align: center;">Jrl Forte Pro Hair Dryer Holder on seinään kiinnitettävä metallinen pidike, joka pitää föönin paikallaan.</div>
</blockquote>
</div>
</div>
</div>
</div>
</div>
</div>
</div>
</div>
</article>
<article class="w-full scroll-mb-[var(--thread-trailing-height,150px)] text-token-text-primary focus-visible:outline-2 focus-visible:outline-offset-[-4px]" dir="auto" data-testid="conversation-turn-5" data-scroll-anchor="true">
<h6 class="sr-only"></h6>
</article>

<p>Jrl Forte Pro Hair Dryer Holder Jrl Forte Pro Hair Dryer Holder on seinään kiinnitettävä metallinen pidike, joka pitää föönin paikallaan.</p>
